e prime factors of 1160796.
2, 3, 7, 13, 1063
List the prime factors of 1158988.
2, 37, 41, 191
List the prime factors of 74116.
2, 7, 2647
What are the prime factors of 139785?
3, 5, 9319
List the prime factors of 6343969.
227, 27947
List the prime factors of 30159565.
5, 29, 207997
List the prime factors of 593.
593
What are the prime factors of 11723623?
463, 25321
What are the prime factors of 4493867?
7, 641981
What are the prime factors of 11361234?
2, 3, 1893539
What are the prime factors of 2019413?
11, 17, 10799
What are the prime factors of 6459783?
3, 11, 195751
List the prime factors of 11022142.
2, 5511071
What are the prime factors of 1199360?
2, 5, 937
List the prime factors of 176012.
2, 79, 557
List the prime factors of 250659.
3, 27851
List the prime factors of 954571.
954571
What are the prime factors of 260692?
2, 65173
What are the prime factors of 451776?
2, 3, 13, 181
List the prime factors of 7982955.
3, 5, 23, 857
What are the prime factors of 689668?
2, 7, 24631
What are the prime factors of 3106933?
1493, 2081
What are the prime factors of 7672408?
2, 131, 7321
What are the prime factors of 210424?
2, 29, 907
List the prime factors of 158714.
2, 79357
List the prime factors of 137460.
2, 3, 5, 29, 79
What are the prime factors of 28027718?
2, 14013859
What are the prime factors of 499336?
2, 62417
What are the prime factors of 32946?
2, 3, 17, 19
List the prime factors of 225768.
2, 3, 23, 409
List the prime factors of 6632333.
6632333
List the prime factors of 2800273.
7, 23, 17393
What are the prime factors of 1062335?
5, 212467
What are the prime factors of 9239115?
3, 5, 615941
List the prime factors of 224591.
224591
What are the prime factors of 688026?
2, 3, 114671
List the prime factors of 9611140.
2, 5, 7, 11, 79
List the prime factors of 424120.
2, 5, 23, 461
List the prime factors of 2558929.
2558929
List the prime factors of 3055772.
2, 763943
What are the prime factors of 4426327?
23, 223, 863
What are the prime factors of 22397808?
2, 3, 19, 41, 599
List the prime factors of 17370800.
2, 5, 43427
List the prime factors of 1427033.
19, 59, 67
What are the prime factors of 3734954?
2, 1867477
List the prime factors of 1256392.
2, 157049
List the prime factors of 9560951.
397, 24083
What are the prime factors of 24602340?
2, 3, 5, 7, 19, 3083
What are the prime factors of 27541661?
7, 3934523
What are the prime factors of 41230?
2, 5, 7, 19, 31
What are the prime factors of 11214834?
2, 3, 1869139
What are the prime factors of 4495240?
2, 5, 41, 2741
List the prime factors of 880864.
2, 27527
What are the prime factors of 592839?
3, 13, 563
What are the prime factors of 26661?
3, 8887
What are the prime factors of 867462?
2, 3, 144577
What are the prime factors of 57459?
3, 107, 179
What are the prime factors of 1064805?
3, 5, 7, 10141
List the prime factors of 7815355.
5, 29, 53899
List the prime factors of 6842255.
5, 7, 195493
List the prime factors of 379949.
97, 3917
What are the prime factors of 164807?
29, 5683
What are the prime factors of 25540067?
7, 3648581
List the prime factors of 15527772.
2, 3, 13, 33179
List the prime factors of 483746.
2, 241873
List the prime factors of 127592.
2, 41, 389
List the prime factors of 926304.
2, 3, 9649
List the prime factors of 11318671.
7, 13, 29, 4289
What are the prime factors of 2039233?
7, 41617
List the prime factors of 69863.
19, 3677
What are the prime factors of 40974?
2, 3, 6829
List the prime factors of 3858224.
2, 293, 823
List the prime factors of 275477.
83, 3319
What are the prime factors of 10515818?
2, 211, 24919
What are the prime factors of 571919?
19, 31, 971
List the prime factors of 185223.
3, 29, 2129
List the prime factors of 1699546.
2, 849773
List the prime factors of 230918.
2, 115459
List the prime factors of 9127244.
2, 7, 409, 797
What are the prime factors of 175415?
5, 35083
What are the prime factors of 35743470?
2, 3, 5, 7, 170207
List the prime factors of 113140.
2, 5, 5657
List the prime factors of 232138.
2, 37, 3137
What are the prime factors of 4398101?
19, 231479
List the prime factors of 439849.
439849
What are the prime factors of 13625250?
2, 3, 5, 37, 491
What are the prime factors of 8554871?
13, 103, 6389
List the prime factors of 2276946.
2, 3, 7, 17, 1063
List the prime factors of 26053.
26053
List the prime factors of 743209.
743209
What are the prime factors of 6908869?
11, 41, 15319
What are the prime factors of 3331394?
2, 11, 163, 929
What are the prime factors of 121504?
2, 3797
List the prime factors of 1767628.
2, 441907
What are the prime factors of 241305?
3, 5, 16087
List the prime factors of 8558425.
5, 342337
What are the prime factors of 1069856?
2, 67, 499
What are the prime factors of 2429579?
2429579
List the prime factors of 115485.
3, 5, 7699
What are the prime factors of 288483?
3, 13, 569
What are the prime factors of 11488600?
2, 5, 17, 31, 109
List the prime factors of 4417548.
2, 3, 368129
List the prime factors of 284774.
2, 7, 20341
What are the prime factors of 10462760?
2, 5, 7, 11, 43, 79
What are the prime factors of 198079?
7, 28297
List the prime factors of 352125.
3, 5, 313
What are the prime factors of 181707?
3, 37, 1637
List the prime factors of 16810700.
2, 5, 23, 7309
List the prime factors of 1961647.
17, 23, 29, 173
List the prime factors of 228615.
3, 5, 15241
List the prime factors of 643941.
3, 71549
What are the prime factors of 4705215?
3, 5, 73, 4297
List the prime factors of 906695.
5, 17, 10667
List the prime factors of 2176411.
2176411
What are the prime factors of 2637918?
2, 3, 101, 1451
List the prime factors of 11019205.
5, 1117, 1973
List the prime factors of 2988251.
7, 426893
List the prime factors of 1103299.
547, 2017
List the prime factors of 152241.
3, 31, 1637
What are the prime factors of 8200530?
2, 3, 5, 13, 43, 163
What are the prime factors of 7178?
2, 37, 97
List the prime factors of 19936464.
2, 3, 415343
List the prime factors of 4960127.
4960127
What are the prime factors of 2744161?
7, 373, 1051
What are the prime factors of 25491?
3, 29, 293
List the prime factors of 1217421.
3, 17, 73, 109
What are the prime factors of 2463825?
3, 5, 7, 13, 19
What are the prime factors of 216332?
2, 54083
List the prime factors of 1908358.
2, 829, 1151
What are the prime factors of 159175?
5, 6367
What are the prime factors of 805484?
2, 79, 2549
What are the prime factors of 259692?
2, 3, 17, 19, 67
What are the prime factors of 262055?
5, 17, 3083
What are the prime factors of 497884?
2, 124471
List the prime factors of 67734.
2, 3, 53, 71
What are the prime factors of 272363?
7, 13, 41, 73
List the prime factors of 2751115.
5, 569, 967
What are the prime factors of 1362093?
3, 454031
What are the prime factors of 5391?
3, 599
List the prime factors of 3478676.
2, 17, 51157
List the prime factors of 3512518.
2, 1756259
List the prime factors of 230505.
3, 5, 11, 127
List the prime factors of 23316090.
2, 3, 5, 7, 111029
What are the prime factors of 13487388?
2, 3, 37, 821
List the prime factors of 1566949.
19, 82471
What are the prime factors of 279563?
61, 4583
List the prime factors of 333293.
23, 43, 337
List the prime factors of 171170.
2, 5, 17117
What are the prime factors of 8314104?
2, 3, 346421
What are the prime factors of 5758454?
2, 13, 241, 919
What are the prime factors of 2473516?
2, 47, 59, 223
What are the prime factors of 179281?
179281
List the prime factors of 2372831.
227, 10453
List the prime factors of 259944.
2, 3, 10831
List the prime factors of 9644373.
3, 357199
List the prime factors of 1761168.
2, 3, 36691
List the prime factors of 345919.
7, 49417
List the prime factors of 252425.
5, 23, 439
What are the prime factors of 1387321?
13, 8209
What are the prime factors of 368137?
7, 11, 683
What are the prime factors of 360122?
2, 7, 29, 887
What are the prime factors of 22981365?
3, 5, 11, 17, 2731
List the prime factors of 2328650.
2, 5, 46573
What are the prime factors of 818590?
2, 5, 109, 751
What are the prime factors of 236565?
3, 5, 7, 751
What are the prime factors of 9226578?
2, 3, 307, 5009
List the prime factors of 8169074.
2, 79, 149, 347
List the prime factors of 17287174.
2, 8643587
List the prime factors o